**2 + 121*h + 1088. Determine f(-10).
78
Let s(y) = 11*y**2 - 30*y - 100. Determine s(-3).
89
Let r(y) = y**3 - 17*y**2 + 14*y + 3. Calculate r(16).
-29
Let o(l) = -4*l**3 - 50*l**2 - 145*l + 10. What is o(-8)?
18
Let k(x) = x**2 + 16*x - 1. Give k(-8).
-65
Let m(c) = c**2 - 180*c - 21484. Determine m(262).
0
Let j(f) = 365*f + 6254. Determine j(-17).
49
Let d(w) = -1816*w + 25428. Give d(14).
4
Let s(d) = -d**2 + 106*d - 490. What is s(5)?
15
Let u(k) = 8*k**2 - 74*k - 11. What is u(9)?
-29
Let y(x) = x**2 - 2*x + 55. Give y(-9).
154
Let x(f) = -f**3 + 9*f**2 + 170*f - 138. What is x(18)?
6
Let c(j) = 2*j**2 - 115*j - 491. What is c(-4)?
1
Let u(f) = 7*f**2 - 354*f + 478. Give u(49).
-61
Let h(k) = -2*k**2 + 89*k - 423. What is h(42)?
-213
Let n(w) = w**2 + 38*w + 33. Determine n(-31).
-184
Let n(g) = g**3 + 173*g**2 - 1262*g + 1. Determine n(7).
-13
Let l(x) = -2*x**3 - 13*x**2 + 36*x - 8. Give l(2).
-4
Let j(a) = -a**3 + 30*a**2 + 177*a - 68. Give j(35).
2
Let f(p) = p**3 + 23*p**2 - 358*p - 8242. Determine f(-23).
-8
Let k(g) = 27*g - 604. Determine k(23).
17
Let y(u) = -u**3 - 18*u**2 - 33*u - 392. What is y(-17)?
-120
Let v(q) = q**3 + 40*q**2 - 218*q + 323. Give v(-45).
8
Let b(g) = -153*g - 3051. Calculate b(-20).
9
Let y(k) = -244*k - 5102. Calculate y(-21).
22
Let a(f) = f**2 + 3*f - 1629. What is a(39)?
9
Let w(j) = j**3 - 14*j**2 + 22*j - 6. Determine w(12).
-30
Let i(h) = -h**3 + 15*h**2 - 349*h + 2998. Calculate i(10).
8
Let w(g) = g**3 - 12*g**2 + 5*g - 261. Calculate w(11).
-327
Let c(f) = -f**3 - 19*f**2 + 149*f + 20. What is c(-25)?
45
Let t(g) = -41*g**2 + 18*g - 78. What is t(4)?
-662
Let q(u) = -27*u**2 + 2*u + 4. What is q(-1)?
-25
Let i(v) = 36*v + 1074. What is i(-40)?
-366
Let q(j) = j**3 + 75*j**2 - 162*j - 804. Give q(-77).
-188
Let d(s) = 11*s**2 + 27*s - 68. Calculate d(-9).
580
Let m(b) = -7*b**3 - 940*b**2 - 271*b - 410. What is m(-134)?
-8
Let u(t) = 2*t**3 + 14*t**2 + 26*t + 184. Calculate u(-7).
2
Let w(y) = -6*y**2 + 35*y - 9. Determine w(7).
-58
Let n(s) = 10*s**2 + 152*s - 78. Give n(-16).
50
Let g(u) = -2*u**2 - 191*u + 103. What is g(-96)?
7
Let b(o) = -o**2 + 31*o + 1325. What is b(-24)?
5
Let p(h) = h**2 + 15*h + 56. Calculate p(-9).
2
Let u(g) = 2*g**2 - 48*g + 49. Give u(27).
211
Let o(q) = -5*q**2 + 72*q - 43. Calculate o(14).
-15
Let r(x) = 28*x + 632. Calculate r(-32).
-264
Let f(o) = -o**3 + 40*o**2 - 94*o - 2. Give f(38).
-686
Let y(o) = -544*o + 5985. Calculate y(11).
1
Let o(p) = 2*p**3 - 29*p**2 + 45*p - 8. Determine o(13).
70
Let o(j) = 2*j**3 + 16*j**2 - 5*j + 23. Give o(-5).
198
Let z(t) = -112*t - 1159. What is z(-11)?
73
Let m(l) = 80*l - 3. Give m(0).
-3
Let i(g) = 4*g**3 - 21*g**2 + 9*g - 8. Calculate i(5).
12
Let w(u) = 5304*u - 53047. Calculate w(10).
-7
Let r(b) = 36*b**2 - 24*b - 26. What is r(-1)?
34
Let q(p) = p**2 + 24*p - 408. Determine q(-36).
24
Let m(j) = -j**2 + 33*j - 192. Determine m(26).
-10
Let j(a) = -a**3 + 26*a + 37. Calculate j(-9).
532
Let r(z) = -z**2 - 214*z - 854. Give r(-4).
-14
Let r(y) = -14*y**3 + 12*y**2 + 22*y - 4. What is r(-2)?
112
Let g(d) = 6*d**3 + 17*d**2 - d + 3. Determine g(-6).
-675
Let m(n) = -n**3 + 7*n**2 + 3059*n - 18393. Determine m(6).
-3
Let t(p) = -105*p + 4693. Determine t(46).
-137
Let h(o) = -o**3 + 10*o**2 + 20*o - 16. What is h(10)?
184
Let c(h) = -h**2 + 13*h + 77. Determine c(14).
63
Let t(r) = -10*r**2 + 239*r + 8. What is t(24)?
-16
Let n(y) = -633*y - 22800. Calculate n(-36).
-12
Let i(t) = -2*t**2 + 9*t + 39. What is i(12)?
-141
Let f(l) = -33*l**3 - 2*l**2 + 4*l - 1. What is f(2)?
-265
Let w(o) = 21*o + 696. Calculate w(-36).
-60
Let t(u) = -2*u**3 - u**2 - 33*u + 3. Calculate t(0).
3
Let c(y) = -y**2 + 131*y + 4919. What is c(-31)?
-103
Let r(v) = -2*v**2 - 22*v - 62. What is r(-11)?
-62
Let o(x) = 166*x - 1. Determine o(-1).
-167
Let d(l) = l**2 - 11*l - 22. What is d(17)?
80
Let y(p) = 31*p**2 + 4279*p + 144. Calculate y(-138).
6
Let k(h) = 22*h + 293. Determine k(-13).
7
Let x(k) = -k**3 - 233*k**2 - 934*k - 4121. Give x(-229).
1
Let d(b) = -29*b + 1311. Give d(45).
6
Let h(u) = 5*u**3 + 3*u**2 + 2*u - 11. Calculate h(4).
365
Let z(n) = -2*n**3 - 15*n**2 - 4*n + 105. What is z(-5)?
0
Let u(b) = -311*b + 1559. What is u(5)?
4
Let t(i) = -11*i**2 - 43*i + 3. Determine t(-4).
-1
Let z(w) = w**3 - 2*w**2 - 2*w - 13. Determine z(6).
119
Let g(j) = -14*j - 666. Calculate g(-49).
20
Let r(j) = -75*j - 529. Determine r(-7).
-4
Let r(l) = l**2 - 48*l - 126. Give r(50).
-26
Let w(n) = -2*n**3 - 2*n**2 - 13*n - 5. Give w(3).
-116
Let h(c) = 23*c**3 + 159*c**2 - 8*c + 8. Give h(-7).
-34
Let z(m) = m**2 + 41*m + 626. Determine z(-15).
236
Let k(t) = -6*t - 323. Give k(-57).
19
Let f(l) = 28*l + 403. Determine f(-24).
-269
Let r(n) = 3*n**3 + 6*n**2 - 2*n + 2. Give r(-3).
-19
Let f(m) = 75*m - 131. What is f(6)?
319
Let a(s) = 106*s - 676. Give a(6).
-40
Let c(i) = -2*i**2 - 20*i + 25. Determine c(-15).
-125
Let s(x) = -404*x**3 + 8*x**2 - 7*x - 1. Calculate s(1).
-404
Let d(s) = 7*s + 30. Give d(-16).
-82
Let c(i) = -i**2 - 298*i + 605. What is c(2)?
5
Let u(y) = -y**3 - 35*y**2 + 244*y - 63. What is u(-41)?
19
Let s(g) = 507*g - 1043. What is s(2)?
-29
Let h(w) = 23*w + 865. Determine h(-45).
-170
Let c(a) = 47*a**2 - 1264*a - 112. Determine c(27).
23
Let u(q) = 2*q**2 - 108*q + 33. What is u(53)?
-73
Let c(k) = k**3 + 24*k**2 - 41. Calculate c(-24).
-41
Let t(g) = -g**2 - 32*g - 247. Give t(-18).
5
Let d(c) = 2*c**3 + 13*c**2 + 17*c - 16. Give d(-5).
-26
Let m(o) = -207*o - 25614. Give m(-124).
54
Let k(s) = s**2 + 31*s + 37. Determine k(-27).
-71
Let q(i) = -7*i**3 + 6*i**2 - 3*i + 25. What is q(5)?
-715
Let l(t) = t**2 + 28*t - 1411. Calculate l(26).
-7
Let k(r) = 56*r + 9328. Give k(-168).
-80
Let t(c) = -c**3 - 33*c**2 + 5004*c - 1118. What is t(56)?
2
Let a(o) = -67*o**2 + 28*o + 2. Give a(1).
-37
Let k(m) = 2*m**2 + 78*m + 95. Calculate k(-38).
19
Let t(g) = -246*g + 18742. What is t(76)?
46
Let l(y) = -20*y**2 - 47*y - 1. Determine l(-4).
-133
Let q(c) = -31*c**2 + 249*c. Give q(8).
8
Let s(c) = c**3 + 20*c**2 - 92*c + 98. Calculate s(-24).
2
Let g(f) = 9*f**2 + 18*f - 1. Calculate g(-6).
215
Let v(u) = 171*u + 3368. Give v(-20).
-52
Let z(f) = 6387*f + 51143. Determine z(-8).
47
Let w(p) = -p**3 + 147*p**2 + 304*p - 896. Give w(149).
-2
Let d(c) = -10*c**3 - 499*c**2 + 113*c + 3147. What is d(-50)?
-3
Let t(r) = 58*r**2 - 1053*r - 32. Calculate t(18).
-194
Let x(l) = 6*l**2 - 202*l - 98. What is x(35)?
182
Let n(w) = 3*w**3 + 11*w**2 - 39*w - 47. Calculate n(-6).
-65
Let h(o) = 12*o**2 + 337*o - 12. Give h(-28).
-40
Let p(g) = -2*g**2 + 14*g + 21. What is p(13)?
-135
Let n(o) = -2*o**2 + 108*o - 206. Calculate n(2).
2
Let o(k) = 110*k - 4142. What is o(37)?
-72
Let j(l) = 15*l**3 + 6*l**2 - l + 3. Give j(-1).
-5
Let c(q) = -4*q**2 + 94*q - 559. Calculate c(7).
-97
Let r(t) = -3*t**2 + 81*t - 536. Calculate r(10).
-26
Let w(d) = d + 80. Calculate w(16).
96
Let c(j) = -j**3 + 32*j**2 - 147. Calculate c(32).
-147
Let g(p) = -36*p - 14. Determine g(-3).
94
Let y(o) = -15*o + 28. Determine y(7).
-77
Let i(x) = 4*x**2 - 20*x - 10. Calculate i(5).
-10
Let v(w) = 229*w + 1628. Give v(-7).
25
Let d(s) = -s**2 + 18*s + 355. What is d(27)?
112
Let k(q) = -2*q**3 + 32*q**2 + 35*q - 20. What is k(17)?
-3
Let s(u) = u**2 + 54*u + 6. Give s(-54).
6
Let b(f) = -2*f**2 + 85*f + 8533. What is b(90)?
-17
Let u(w) = 56*w + 388. Give u(-7).
-4
Let x(l) = -278*l + 2500. Calculate x(9).
-2
Let d(h) = h**2 + 89*h + 1562. Give d(-23).
44
Let b(j) = -j**2 - 493*j - 3881. Determine b(-8).
-1
Let g(i) = 2*i**3 + 73*i**2 + 42*i - 307. Give g(-36).
-523
Let w(a) = -2067*a - 6201. What is w(-3)?
0
Let a(o) = o**2 + 33*o + 87. Calculate a(-29).
-29
Let z(y) = -19*y - 64. Give z(-4).
12
Let s(y) = -3*y**2 - 472*y + 4476. Calculate s(9).
-15
Let n(s) = 64*s - 123. What is n(7)?
325
Let o(y) = 3*y**3 - 22*y**2 - y - 23. What is o(7)?
-79
Let n(g) = -38*g + 497. Calculate n(13).
3
Let l(n) = 199*n + 11909. What is l(-60)?
-31
Let d(y) = -34*y**2 - 1802*y - 6. Calculate d(-53).
-6
Let w(o) = o**3 + 88*o**2 - 88*o - 93. Calculate w(-89).
-182
Let m(x) = x**3 + 13*x**2 + 45*x + 15. Give m(-7).
-6
Let x(m) = 20*m + 40. Calculate x(16).
360
Let f(m) = -m**3 + 17*